 of t?
8
Let u = -30526 + 51621. What is the hundreds digit of u?
0
Let y(v) = -4583*v + 296. What is the hundreds digit of y(-15)?
0
Suppose 0 = 2*t + 3*g - 21621, 5*t - 4*t - 10813 = -g. What is the tens digit of t?
1
Suppose 5*h = -175 + 790. Suppose -3*b = -282 - h. Let n = b + -88. What is the tens digit of n?
4
Suppose 0 = -4*d - 2*p - 2, -4*p = 3*d + 4. Suppose 2*f - 18 = -d*m - 3*m, 4*m = -2*f + 22. What is the tens digit of (-1)/5 + 2680/25 - m?
0
Let d = 24 + -10. Let u(w) = -w**3 - 2*w - 8*w - 19511*w**2 + 2 + 19526*w**2. What is the units digit of u(d)?
8
Let a = 120 - -617. Suppose -2*n + 3*z + 299 = 0, 5*n - a = -10*z + 14*z. What is the hundreds digit of n?
1
Suppose -5*x = 3*f - 4*f - 18, 3*x = -5*f - 6. Let q be (x - (-10)/(-4))*0. What is the units digit of (-49)/(-2)*(2 + q)?
9
Let d = 595 + 2853. What is the tens digit of d?
4
Let x(n) = 2*n + 2. Suppose 0 = 10*o - 7*o. Let r be x(o). Suppose 35 + 15 = r*m. What is the units digit of m?
5
Let q(b) = -154*b + 16. Let g be q(4). Let f = g + 854. What is the hundreds digit of f?
2
Let c be -3 - (8 - 2)*(-6 - -2). Let a = c + -11. What is the units digit of 612/22 + a/55?
8
Suppose 424 = -6*j - 410. Let v = j + 436. What is the tens digit of v?
9
Let m be 41 - (2*-9)/(-3). Suppose 0 = -m*c + 33*c + 218. What is the tens digit of c?
0
Suppose 3*g = -2*c - 1452, -2744 = 5*g - 3*c - 305. Let r = g - -875. What is the tens digit of r?
8
Suppose -18*n + 14*n = 2*t - 8562, -21393 = -5*t - 4*n. What is the thousands digit of t?
4
Suppose -483*q + 485*q - 4*y = 88896, -2*y = -5*q + 222264. What is the thousands digit of q?
4
Let n = 24 + -20. Let k be (-1)/n + (-12)/16. Let g(a) = -9*a**3 - 2*a**2 - a. What is the units digit of g(k)?
8
Let y = -25 + 41. Let n be (-69)/(4/y*-2). Let h = n - 63. What is the tens digit of h?
7
Suppose 8*o + 66048 = 114736. What is the thousands digit of o?
6
Suppose 287463 = 129*r - 36*r. What is the tens digit of r?
9
Let q(m) = -m + 19. Let v be q(12). Let z be 0*1/3*(-7)/v. What is the units digit of 40/(4/6 - (z + 0))?
0
Let c be (9 + 3)/(1/(-4)). Suppose 5*g + 400 = -2*i, -g - 348 = 3*g - 4*i. Let x = c - g. What is the units digit of x?
4
Let i = 47 - 36. Let s(k) = 3*k + 0*k**2 - k - 14 + k**2. What is the units digit of s(i)?
9
Let a = 136 + -135. Suppose -j = a, 635 = f + 4*f + 5*j. What is the units digit of f?
8
Let u(n) = 110*n**3 - 8*n**2 - 10*n + 92. What is the hundreds digit of u(4)?
9
Suppose 0 = 3*m - 35 + 29. Suppose -g + 1386 = m*a + a, 0 = -3*g. What is the tens digit of a?
6
Suppose 2*s = -c + 6227, -c + 3*s + 5132 + 1120 = 0. What is the tens digit of c?
3
Let r = -15381 - -15686. Let o = -39 + 155. Let h = r - o. What is the tens digit of h?
8
Let y = -442 - -442. Suppose 4*c + 17*t - 4661 = 22*t, -4*t + 12 = y. What is the tens digit of c?
6
Let x(a) = 16*a**2 + 70*a - 783. What is the tens digit of x(11)?
2
Suppose -169713 = -23*i + 611699 - 168048. What is the ten thousands digit of i?
2
Let a(i) = 1593*i - 3618. What is the ten thousands digit of a(13)?
1
Suppose 22 = x + 6. Suppose p - x = -12. Suppose 233 + 382 = p*q + y, 5*q + y = 769. What is the tens digit of q?
5
Let p be ((-98)/21)/(4/(-18)). Suppose 9 + p = 10*h. What is the units digit of (h + -1)*51 - -4?
6
What is the thousands digit of (2/(-8))/(59492962/(-1802816) + 33)?
3
Let h be (-40)/(-4) - 0/1. Suppose 2*f = 5*s - 97, -4*f + s - 231 = f. What is the units digit of 84/h - f/(-115)?
8
Let n be (-1068)/3*3/2 + -5. Let y = n - -785. What is the units digit of y?
6
What is the units digit of ((-13262)/(-19))/(2 + 0)?
9
Let v = 255 - 248. Suppose 24*w = v*w + 3009. What is the units digit of w?
7
Suppose -6*m - 32 = -14*m. Suppose -3*h + 2*c = -m*h + 62, 2*c = 0. What is the tens digit of h?
6
Let m = 697 - 3501. Let n = -1737 - m. What is the thousands digit of n?
1
Let b = -4636 - -4873. Let h be 147/(0 + -1) - 0. Let x = b + h. What is the tens digit of x?
9
Let r be 1/(-3)*1*(-6)/1. Suppose 5*d = 4*z - 1083, 0*d = r*d - 5*z + 423. Let u = d + 391. What is the tens digit of u?
7
Suppose -4*y + 9 = 2*o - 5*o, -y - 4*o + 7 = 0. Suppose -13*h - 139 = -14*h - y*t, 4*h - 556 = 5*t. What is the hundreds digit of h?
1
Let i be (-4 - 1) + 3 - 957. Let q = -680 - i. What is the units digit of q?
9
Suppose -227*a + 217*a = -872953 + 312683. What is the units digit of a?
7
Suppose -33*r - 989856 = -42*r. What is the units digit of r/80 - (-4)/20?
5
Let z(v) = v**2 - 15*v + 75. Let l be z(23). Suppose -13*f + l = 5*h - 15*f, 5*f = 4*h - 197. What is the units digit of h?
3
Let a(y) = y**3 - 3*y**2 + 19*y + 21. Let o be (15/10)/(5 + (-97)/20). What is the hundreds digit of a(o)?
9
Let s(u) = -4001*u - 307. What is the units digit of s(-4)?
7
Let x(m) = -m**3 - 37*m**2 + 78*m + 21. Let a be x(-39). Suppose 15*g - a*g + 1416 = 0. What is the hundreds digit of g?
2
Let k(i) = -4*i - 1. Let j be k(0). What is the hundreds digit of j/((-1053)/(-527) + -2)?
5
Let s be 1/((((-30)/(-25))/3)/2). Suppose -2*q = -3*a - a - 1948, q = -s*a + 974. What is the units digit of q?
4
Suppose 0 = -10*f + 714 + 4606. Let p = f - 292. What is the hundreds digit of p?
2
Suppose 0 = 475*z - 412*z - 2824857. What is the units digit of z?
9
Let k = -69 + -141. Let x = k - -567. What is the units digit of x?
7
Let s(h) = 2*h**3 + 2*h**2 - 2*h - 6. Let d be s(-2). What is the hundreds digit of d/(-5) + 516/2?
2
Suppose -3*w = -4*v + 15, -w = -v - 2 + 6. What is the tens digit of w*(-1663)/2*2?
6
Let l = 74 + 326. Suppose -2*h - l = -1232. What is the tens digit of h?
1
Suppose -1564313 - 351062 = -55*x. What is the ten thousands digit of x?
3
Let m = -55537 + 130764. What is the ten thousands digit of m?
7
Let z = -888 - -7695. What is the units digit of z?
7
Suppose -3*u = -6659 - 3904. Suppose -u + 26 = -5*o. What is the hundreds digit of o?
6
Let u = 143 + -139. Suppose -u*n + 5*x + 6296 = 0, 8*x - 7849 = -5*n + 9*x. What is the tens digit of n?
6
Suppose 316*v - 2*v - 13299784 = 0. What is the hundreds digit of v?
3
What is the hundreds digit of (93 - 94)*(-14044 - -2)/2 + -3?
0
What is the tens digit of (8/5)/((-34)/170) + 6463?
5
Suppose 222 = 19*i - 1545. Let z = i - -168. What is the units digit of z?
1
What is the units digit of 571*488*(-106)/(-424)?
2
Let k = 387 + -236. Suppose -2*i + k = -3*a, -336 = -3*i + a - 113. What is the units digit of i?
4
Let i = -176 - -175. What is the hundreds digit of 2678/13*(i*3)/(-3)?
2
Let m be ((-68)/(-4))/((-1)/(-75)). Suppose -4*a = 2*r - 850, m = 3*r - 2*a + 7*a. What is the tens digit of r?
2
Let g be 6 - ((-24500)/42)/((-2)/(-12)). Suppose -17540 = -17*b + g. What is the tens digit of b?
3
Let u(d) be the third derivative of d**6/60 + d**5/20 + 7*d**4/24 - 25*d**3/6 - 28*d**2. What is the units digit of u(5)?
5
Let t be (-336)/54 - 9/(486/(-12)). Let z(s) = 25*s**2 + 5*s - 13. What is the hundreds digit of z(t)?
8
Let i be ((-156)/(-130))/(2/710). Suppose 348 = -c + i. What is the units digit of c?
8
Let c be 1 - (1 + 3 + -3)/1. Suppose 5*b - 600 - 395 = c. Let n = 31 + b. What is the units digit of n?
0
Let m = 19710 + -12076. What is the tens digit of m?
3
Suppose -3*d + 6*d = 483. Let l = 512 - d. Suppose 4*q + s - l = 0, -q + 2*s = q - 168. What is the tens digit of q?
8
Let x(q) = -q**3 + 6*q**2 - 2*q + 10. Let b be x(6). Let a be 6 - 6*(-1)/b. What is the units digit of 6/33 + 218/33*a?
0
Let f = 85874 - 37489. What is the tens digit of f?
8
Let n = 10802 + -4856. What is the thousands digit of n?
5
What is the hundreds digit of -1 + -2 + 19449 - (0 - 18 - -19)?
4
Suppose 3*u - 5*x = 3545, u + 21*x = 26*x + 1195. What is the units digit of u?
5
Let q(p) = -p**2 - 14*p + 43. Let x be q(-17). What is the tens digit of 10/6 - ((-114160)/(-15))/x?
5
Let s(c) = 664*c - 242. Let f be s(6). Suppose -3744*o = -f*o - 3076. What is the tens digit of o?
3
Let b be (-2 + 0)*(-4 + 1). Let z be 50/15 + 4/b. Suppose z*g - c - 408 = -g, -5*g + 417 = -4*c. What is the tens digit of g?
8
Let f be (70/15 + 1)/(1/111). Suppose 5*q = 2*s - 719, f = 3*s + 5*q - 512. Let v = s + -87. What is the tens digit of v?
8
Let g(i) = -1. Let o(t) be the first derivative of 5*t**2 - 26*t + 18. Let v(f) = -18*g(f) + 2*o(f). What is the units digit of v(8)?
6
Suppose -3*s -